the first derivative of -v**3/3 + v**2/2 - 25. Calculate i(m).
-6
Let o(u) = 2*u + 1. Suppose -2*v + 3 = h, 0 = -v + 5*h - 5 + 1. Suppose g - i = i - v, 0 = -4*g - 4*i + 32. Let s = g + -7. Calculate o(s).
-3
Let z(w) = w**3 - 4*w**2 + w + 4. Let y = -99 - -32. Let h = y - -71. Give z(h).
8
Suppose -99 - 6 = 21*h. Let f(t) = -2*t - 5. Calculate f(h).
5
Suppose 2*o + 2*o = 4*j - 20, 2*j + 5*o = -18. Let x be (j/2)/(5/(-20)). Let h be 0/(3 - (x - -4)). Let m(i) = -i**3 - i**2 - i - 7. Calculate m(h).
-7
Let s be (-3)/7 - 416/(-56). Suppose -18 = 2*d + s*d. Let w(z) = z**2 + z - 1. Give w(d).
1
Let x be 1 + (2 + -3 - 3). Let j(d) = 3*d + 11. Let f(v) = -v - 4. Let y(b) = 7*f(b) + 2*j(b). Calculate y(x).
-3
Let m(z) = 39*z + z**3 + 6 + 39*z - 3*z**2 - 2*z**3 - 71*z. Give m(-4).
-6
Let u(l) = -l + 10. Let w = 18 + -17. Let o(a) = 1. Suppose -i - g = 8, -8 = 2*g + 2. Let q(n) = i*o(n) + w*u(n). What is q(5)?
2
Let l(z) be the third derivative of -z**4/24 + 13*z**3/6 + 222*z**2. Give l(7).
6
Let b(p) be the first derivative of p**4/4 + 4*p**3/3 + p**2 + 7*p - 55. Calculate b(-5).
-28
Let p(m) = m**2 - 7*m + 3. Let x be -9*(-6)/(-81)*-3. Suppose 8 = 2*g - x. Let h be p(g). Let s(n) = 2*n + 7. What is s(h)?
-7
Let v(r) be the second derivative of -r**4/6 - 5*r**3/6 + r**2 - r + 37. What is v(-5)?
-23
Let w(t) be the first derivative of -t + 0*t**2 + 1/4*t**4 + t**3 - 5. Give w(-2).
3
Let i(q) be the third derivative of q**7/2520 - 7*q**6/720 - q**5/40 - q**4/24 + 4*q**2. Let m(a) be the second derivative of i(a). Calculate m(6).
-9
Let i(v) be the first derivative of v**2/2 + 5*v - 499. Calculate i(-5).
0
Let f(a) = -a**3 - 9*a**2 - 9*a - 6. Let p be (-217)/28 - (-2)/(-8). What is f(p)?
2
Let s(a) = -3 + 3 + a**3 - 82*a + 2*a**2 + 78*a. Calculate s(-4).
-16
Let z(q) be the third derivative of -q**7/1680 - 7*q**6/720 - q**5/5 + 6*q**2. Let c(l) be the third derivative of z(l). Calculate c(-5).
8
Let q(a) = 2*a - 8. Let r(g) = -g**2 + 14*g + 35. Let f be r(15). Let m be (-1)/(-4) + 115/f. Determine q(m).
4
Let s(z) = 2*z + 3. Let p be (-28)/(-12) + 1*(-4)/(-6). Let h be 6/((0 + 3/(-9))*p). Calculate s(h).
-9
Let v(i) = -2*i**2 - 103 - 5*i + 326*i**3 - 327*i**3 + 103 - i. What is v(-4)?
56
Let f(j) be the first derivative of 2*j**3 + j**2 - 2*j + 207. Determine f(1).
6
Let c be 1/(-3)*-3*-3. Let n be 8/12 + (-4)/c. Let g(h) = -3*h**2 - 2*h + 3. Let k(y) = -4*y**2 - 2*y + 4. Let p(q) = 5*g(q) - 4*k(q). Give p(n).
-1
Let t(r) = r**2 + 9*r + 11. Let s be 102/(-27) + (-2)/9*1. Let c be (-8)/(-16) - (-34)/s. Determine t(c).
3
Let q(v) = 17 + v - 7 - 1 - 1 - 4. What is q(-3)?
1
Let l(d) = -d + 15 + 9*d**2 + 5*d**3 - 4*d**3 - d**2 + 6*d**2 + 2*d. Determine l(-14).
1
Suppose 10*j - 36 = 7*j. Suppose -3*z + j = -9. Let r = z - 9. Let g(n) = 2*n**2 + 3*n + 3. Calculate g(r).
5
Let n(v) = -2*v**3 + 7*v**2 - 5*v + 4. Let y be n(3). Let u be (6 - 10)/(y/(0 + -2)). Let a(m) = m**3 + 4*m**2 + 3*m + 6. Give a(u).
-6
Suppose -3*l = -4*l - 4. Let z(w) = -w**2 - 5*w - 1. Let v(j) = j**2 + 11*j + 6. Let u(r) = v(r) + 2*z(r). Determine u(l).
-16
Let a = -86 + 86. Suppose 5*d - t + 43 - 3 = a, -10 = -2*t. Let y(p) = -p**2 - 9*p. Calculate y(d).
14
Let r(j) = 34*j**2 - 4*j + 9. Let g(o) = 51*o**2 - 6*o + 14. Let i(h) = 5*g(h) - 8*r(h). Give i(1).
-17
Let k(l) = 3*l + 19. Let o be k(-7). Let z(m) = -4 - 4*m - 1 + 3. Determine z(o).
6
Let q(y) be the first derivative of -y**4/4 - 11*y**3/3 + y**2 + 12*y - 507. Determine q(-11).
-10
Let b be 3 - 1 - 18/(-1). Suppose -f - 5 = -a, -4*f + 5*a - b - 3 = 0. Let n be 2*-1*(-5)/f. Let y(c) = c**3 + 5*c**2 + 6. What is y(n)?
6
Let h = 1277 + -1274. Let c(v) = -4*v + 2. Calculate c(h).
-10
Let s(g) = -g**2 - 6*g + 7. Suppose -41*z + 5 = -40*z. Suppose r = -z*h - 36, 5*h + 27 = h + r. What is s(h)?
0
Let i(r) = -2*r + 1. Let z(t) = t**3 + 2*t**2 - 2*t + 6. Let q be z(-3). Suppose -4*a - 7*b = -4*b - 3, -18 = a - q*b. What is i(a)?
7
Let z(c) be the third derivative of -c**8/10080 - c**7/2520 + 7*c**5/20 - 23*c**2. Let d(i) be the third derivative of z(i). Determine d(-2).
-4
Let m(g) = -g**3 + 2*g**2 + 3*g - 1. Let i(v) = -3*v + 33. Let k = 66 + -56. Let j be i(k). What is m(j)?
-1
Let v = 648 - 7775/12. Let q(x) be the third derivative of -1/60*x**5 + 0 + 0*x + v*x**4 - 3*x**2 - 1/120*x**6 + 0*x**3. What is q(-2)?
0
Let u(i) = 2 + 5 + 5*i**2 - 1 - i + i**3. Let d be 11/(-44)*10*2. Give u(d).
11
Suppose 2 = q - 4. Let u(l) be the first derivative of l**3/3 - 5*l**2/2 - l - 14. Calculate u(q).
5
Let x(r) = -r - 10. Let d(o) = 6*o + 67. Let n be d(-10). Calculate x(n).
-17
Suppose 98 = 5*h - f + 12, -34 = -3*h + 5*f. Let m(g) = -g**3 + 18*g**2 - g + 18. Calculate m(h).
0
Let f(k) = 5*k**3 + 6*k**2 - 3*k - 17. Let r(x) = -2*x**3 - 2*x**2 + x + 8. Let v(y) = 3*f(y) + 7*r(y). Calculate v(-5).
-10
Let j = 17 + 3. Let g be (-2)/(j/54) + (-4)/(-10). Let u(i) = -i**2 - 2*i + 6. What is u(g)?
-9
Let z be (-10 - -11)/((-3 + 1)/2). Let q(h) = 7*h + 1. Give q(z).
-6
Let z(x) be the first derivative of x**4/4 - x**2/2 - 4*x - 1. Suppose 26 = 7*f + 5. Suppose -4*i = f*v - 2*v - 20, 5 = 2*v + i. What is z(v)?
-4
Let h(v) = -v + 4. Let b(q) = 2*q - 9. Let x be b(3). What is h(x)?
7
Let n(r) = -40*r - 10. Let q(m) = 27*m + 7. Let t(w) = 5*n(w) + 7*q(w). Let b(l) = -l**3 + 2*l**2 + 6*l - 10. Let d be b(3). Calculate t(d).
10
Let p(s) = -s**2 + 12*s - 10. Let k(q) = 5*q**2 - 48*q + 40. Let r(j) = 2*k(j) + 9*p(j). Calculate r(-13).
3
Suppose 0 = 3*b, p - 5 = 247*b - 249*b. Let u(o) = o**3 + o**2 + o + 1. Let d(s) = -6*s**3 - s**2 + s - 5. Let a(v) = -d(v) - 5*u(v). Give a(p).
-5
Let a = 4 - 3. Suppose 0 = -2*v - 0*v + 5*c + 9, 3*c = -3. Suppose v*l = l + a. Let j(t) = -3*t**3 + t**2 - 1. Determine j(l).
-3
Let r = -75 - -77. Let n(p) = 3*p**r - 50 - 2*p**2 + 44 - 6*p. What is n(6)?
-6
Let t(o) be the second derivative of o**4/4 + o**3 + 7*o - 1. What is t(-4)?
24
Let w(j) = -j**2 - 18*j - 33. Let s be w(-15). Let d(p) = -p + 8 + s - 20. Give d(4).
-4
Let l(g) = 36*g**2 + 3*g - 2. Suppose -7*y = -4*y - 3*c, -4*c + 8 = 4*y. Calculate l(y).
37
Suppose -20*a + 14*a = 54. Let n(s) = 2*s**3 + 3*s**2 - 14*s - 2. Let f(q) = -q**3 - q**2 + 7*q + 1. Let w(o) = a*f(o) - 4*n(o). Determine w(5).
14
Let w(c) be the second derivative of c**5/20 - 11*c**4/6 + c**3/6 - 7*c**2 - 485*c. Give w(22).
8
Let k(z) be the second derivative of -z**3/6 + 9*z**2 + 12*z. Determine k(0).
18
Let n(b) = 2*b - 2. Let r be n(2). Suppose -f + h = -2 + 8, 0 = r*f + 4*h. Let x = f - -10. Let i(a) = a**2 - 8*a + 3. Determine i(x).
-9
Let g = -181 + 184. Let r(l) = 0*l - 4*l + 2*l + 4. Give r(g).
-2
Let n(j) be the third derivative of -j**5/60 - 7*j**4/24 - 2*j**3/3 - 170*j**2. What is n(-7)?
-4
Let n(p) = -p**2 - 5*p + 0*p**2 - p + 3*p. Let j = -6 - -16. Let t = j + -15. Calculate n(t).
-10
Let s(t) = t**2 + t + 2. Let u be s(-1). Let p be u/(-13) - (-6)/39. Let q(f) = f - 7. Determine q(p).
-7
Suppose -k - 26 = -6*k - 4*b, -2*b = -4*k. Let j(h) = k - h - 2. Let f(d) = d**2 + 47*d - 6. Let y be f(-47). Calculate j(y).
6
Let j(w) = 9*w**3 - w**2 - 2*w. Let o be j(-1). Let v(n) = n + 2*n**2 + 5*n - n**2 + 0*n - 5. What is v(o)?
11
Let z be ((2/6)/1)/((-6)/(-18)). Suppose 9 = 3*v + x, 8 = v - x + z. Let s(u) = u - 5. Give s(v).
-1
Let p(r) = -r - 4. Suppose -183 = -3*c - 9. Let w = 54 - c. Give p(w).
0
Let g = 17 + -1. Suppose p = -0*p + n - 7, -p - 2*n = g. Let l = 13 + p. Let x(m) = -m**2 + 5*m - 3. Give x(l).
3
Let y(u) = 7*u + 2. Suppose -8*g + 12 = 4. Determine y(g).
9
Let o(l) = -l**2 - 2*l - 5. Let b = 675 - 677. What is o(b)?
-5
Let w(i) = -i**3 - 3809*i + 7*i**2 - 4 + 2*i**3 - 2*i**2 + 3802*i. Calculate w(-6).
2
Let q(s) = -s - 4 - 8*s**3 + 4 - 2*s**2. Suppose -2*l + 18 = -4*x + 16, -5*x = -2*l + 3. Give q(x).
7
Suppose -12*w = -17 + 5. Let q(o) = -17*o - 8. Let k(n) = 6*n + 3. Let r(h) = -11*k(h) - 4*q(h). What is r(w)?
1
Let j(v) = -v**3 - 3*v**2 + 3*v + 1. Let h be j(-4). Let a be 5*(3 + -4 + 2). Let g(k) = 0*k**2 + 7 + 2*k + k**3 - k**2 - a*k**2. Calculate g(h).
-8
Let w(d) = -5*d + 6*d - 6 + 7 + 4. Let o be (-165)/(-35) - (-4)/14. Suppose 0 = -c + o*c - 4*f + 24, -c = -3*f + 6. Determine w(c).
-1
Let i = 2 - -8. Let w = -4 - i. Let b = 8 + w. Let c(h) = h + 8. Calculate c(b).
2
Let 